{"id":3,"date":"2021-03-09T16:47:40","date_gmt":"2021-03-09T16:47:40","guid":{"rendered":"https:\/\/sbg.thesanmarco.com\/?page_id=3"},"modified":"2021-03-15T13:08:21","modified_gmt":"2021-03-15T13:08:21","slug":"impressum","status":"publish","type":"page","link":"https:\/\/ra-wurnig.at\/index.php\/impressum\/","title":{"rendered":"Impressum"},"content":{"rendered":"\t\t<div data-elementor-type=\"wp-page\" data-elementor-id=\"3\" class=\"elementor elementor-3\" data-elementor-settings=\"[]\">\n\t\t\t\t\t\t<div class=\"elementor-inner\">\n\t\t\t\t\t\t\t<div class=\"elementor-section-wrap\">\n\t\t\t\t\t\t\t<section class=\"elementor-section elementor-top-section elementor-element elementor-element-7a9c031 elementor-section-full_width elementor-section-height-min-height elementor-section-content-top elementor-section-height-default elementor-section-items-middle\" data-id=\"7a9c031\" data-element_type=\"section\" data-settings=\"{&quot;background_background&quot;:&quot;classic&quot;}\">\n\t\t\t\t\t\t<div class=\"elementor-container elementor-column-gap-no\">\n\t\t\t\t\t\t\t<div class=\"elementor-row\">\n\t\t\t\t\t<div class=\"elementor-column elementor-col-100 elementor-top-column elementor-element elementor-element-a47aeeb\" data-id=\"a47aeeb\" data-element_type=\"column\" data-settings=\"{&quot;background_background&quot;:&quot;classic&quot;}\">\n\t\t\t<div class=\"elementor-column-wrap\">\n\t\t\t\t\t\t\t<div class=\"elementor-widget-wrap\">\n\t\t\t\t\t\t\t\t<\/div>\n\t\t\t\t\t<\/div>\n\t\t<\/div>\n\t\t\t\t\t\t\t\t<\/div>\n\t\t\t\t\t<\/div>\n\t\t<\/section>\n\t\t\t\t<section class=\"elementor-section elementor-top-section elementor-element elementor-element-5b1d7984 elementor-section-boxed elementor-section-height-default elementor-section-height-default\" data-id=\"5b1d7984\" data-element_type=\"section\">\n\t\t\t\t\t\t<div class=\"elementor-container elementor-column-gap-default\">\n\t\t\t\t\t\t\t<div class=\"elementor-row\">\n\t\t\t\t\t<div class=\"elementor-column elementor-col-100 elementor-top-column elementor-element elementor-element-2a0984b1\" data-id=\"2a0984b1\" data-element_type=\"column\">\n\t\t\t<div class=\"elementor-column-wrap elementor-element-populated\">\n\t\t\t\t\t\t\t<div class=\"elementor-widget-wrap\">\n\t\t\t\t\t\t<div class=\"elementor-element elementor-element-f2b40e7 elementor-widget elementor-widget-heading\" data-id=\"f2b40e7\" data-element_type=\"widget\" data-widget_type=\"heading.default\">\n\t\t\t\t<div class=\"elementor-widget-container\">\n\t\t\t<h2 class=\"elementor-heading-title elementor-size-default\">Impressum<\/h2>\t\t<\/div>\n\t\t\t\t<\/div>\n\t\t\t\t<div class=\"elementor-element elementor-element-860a47f elementor-widget-divider--view-line elementor-widget elementor-widget-divider\" data-id=\"860a47f\" data-element_type=\"widget\" data-widget_type=\"divider.default\">\n\t\t\t\t<div class=\"elementor-widget-container\">\n\t\t\t\t\t<div class=\"elementor-divider\">\n\t\t\t<span class=\"elementor-divider-separator\">\n\t\t\t\t\t\t<\/span>\n\t\t<\/div>\n\t\t\t\t<\/div>\n\t\t\t\t<\/div>\n\t\t\t\t<div class=\"elementor-element elementor-element-7ef9a262 elementor-widget elementor-widget-text-editor\" data-id=\"7ef9a262\" data-element_type=\"widget\" data-widget_type=\"text-editor.default\">\n\t\t\t\t<div class=\"elementor-widget-container\">\n\t\t\t\t\t<div class=\"elementor-text-editor elementor-clearfix\"><p>Mag. Bernd Wurnig (R607296)<\/p><p>Rechtsanwalt, Verteidiger in Strafsachen, Eingetragener Treuh\u00e4nder<\/p><p>Nibelungengasse 48, 8010 Graz<br \/>\u00d6sterreich<\/p><p>Telefon:\u00a0+43 316 82 71 28<br \/>Telefax:\u00a0+43 316 82 71 28 &#8211; 10<br \/><a href=\"mailto:kanzlei@ra-wurnig.at\" target=\"_blank\" rel=\"noopener\">kanzlei@ra-wurnig.at<\/a><\/p><p>Sitz:\u00a0Graz, \u00d6sterreich<br \/>UID:\u00a0ATU 62115124<br \/>Kammerzugeh\u00f6rigkeit: Steierm\u00e4rkische <a href=\"https:\/\/www.rakstmk.at\" target=\"_blank\" rel=\"noopener\">Rechtsanwaltskammer<\/a><\/p><p>Standesrecht: Rechtsanwaltsordnung (RAO), Richtlinien f\u00fcr die Aus\u00fcbung des Rechtsanwaltsberufes (RL-BA)<\/p><p>Bankverbindung-Anderkonto Allgemein:\u00a0Raiffeisenbank Graz-St. Peter eGen<br \/>IBAN:\u00a0AT13 3836 7000 0103 4917<br \/>BIC:\u00a0RZSTAT2G367<\/p><p>Konzeption, Design &amp; Umsetzung: <a href=\"https:\/\/www.thesanmarco.com\" target=\"_blank\" rel=\"noopener\">thesanmarco.com<\/a><\/p><p>Bildmaterial: <a href=\"https:\/\/unsplash.com\" target=\"_blank\" rel=\"noopener\">Unsplash.com<\/a><\/p><\/div>\n\t\t\t\t<\/div>\n\t\t\t\t<\/div>\n\t\t\t\t\t\t<\/div>\n\t\t\t\t\t<\/div>\n\t\t<\/div>\n\t\t\t\t\t\t\t\t<\/div>\n\t\t\t\t\t<\/div>\n\t\t<\/section>\n\t\t\t\t\t\t<\/div>\n\t\t\t\t\t\t<\/div>\n\t\t\t\t\t<\/div>\n\t\t","protected":false},"excerpt":{"rendered":"<p>Impressum Mag. Bernd Wurnig (R607296) Rechtsanwalt, Verteidiger in Strafsachen, Eingetragener Treuh\u00e4nder Nibelungengasse 48, 8010 Graz\u00d6sterreich Telefon:\u00a0+43 316 82 71 28Telefax:\u00a0+43 316 82 71 28 &#8211; 10kanzlei@ra-wurnig.at Sitz:\u00a0Graz, \u00d6sterreichUID:\u00a0ATU 62115124Kammerzugeh\u00f6rigkeit: Steierm\u00e4rkische Rechtsanwaltskammer Standesrecht: Rechtsanwaltsordnung (RAO), Richtlinien f\u00fcr die Aus\u00fcbung des Rechtsanwaltsberufes (RL-BA) Bankverbindung-Anderkonto Allgemein:\u00a0Raiffeisenbank Graz-St. Peter eGenIBAN:\u00a0AT13 3836 7000 0103 4917BIC:\u00a0RZSTAT2G367 Konzeption, Design &amp; Umsetzung: thesanmarco.com [&hellip;]<\/p>\n","protected":false},"author":1,"featured_media":102,"parent":0,"menu_order":0,"comment_status":"closed","ping_status":"closed","template":"","meta":{"footnotes":""},"class_list":["post-3","page","type-page","status-publish","has-post-thumbnail","hentry"],"yoast_head":"<!-- This site is optimized with the Yoast SEO plugin v16.0.2 - https:\/\/yoast.com\/wordpress\/plugins\/seo\/ -->\n<title>Impressum - Rechtsanwalt Mag. Bernd Wurnig<\/title>\n<meta name=\"description\" content=\"Mag. Bernd Wurnig ist Rechtsanwalt f\u00fcr Institutionen des privaten und \u00f6ffentlichen Rechts, Ver\u00adsicherungen, KMU sowie Privatpersonen.\" \/>\n<link rel=\"canonical\" href=\"https:\/\/ra-wurnig.at\/index.php\/impressum\/\" \/>\n<meta property=\"og:locale\" content=\"de_DE\" \/>\n<meta property=\"og:type\" content=\"article\" \/>\n<meta property=\"og:title\" content=\"Impressum - Rechtsanwalt Mag. Bernd Wurnig\" \/>\n<meta property=\"og:description\" content=\"Mag. Bernd Wurnig ist Rechtsanwalt f\u00fcr Institutionen des privaten und \u00f6ffentlichen Rechts, Ver\u00adsicherungen, KMU sowie Privatpersonen.\" \/>\n<meta property=\"og:url\" content=\"https:\/\/ra-wurnig.at\/index.php\/impressum\/\" \/>\n<meta property=\"og:site_name\" content=\"Mag. Bernd Wurnig\" \/>\n<meta property=\"article:modified_time\" content=\"2021-03-15T13:08:21+00:00\" \/>\n<meta property=\"og:image\" content=\"https:\/\/ra-wurnig.at\/wp-content\/uploads\/2021\/03\/ryoji-iwata-low-Q.jpg\" \/>\n\t<meta property=\"og:image:width\" content=\"1600\" \/>\n\t<meta property=\"og:image:height\" content=\"1600\" \/>\n<meta name=\"twitter:card\" content=\"summary_large_image\" \/>\n<meta name=\"twitter:label1\" content=\"Gesch\u00e4tzte Lesezeit\">\n\t<meta name=\"twitter:data1\" content=\"1\u00a0Minute\">\n<script type=\"application\/ld+json\" class=\"yoast-schema-graph\">{\"@context\":\"https:\/\/schema.org\",\"@graph\":[{\"@type\":\"WebSite\",\"@id\":\"https:\/\/ra-wurnig.at\/#website\",\"url\":\"https:\/\/ra-wurnig.at\/\",\"name\":\"Mag. Bernd Wurnig\",\"description\":\"Rechtsanwalt\",\"potentialAction\":[{\"@type\":\"SearchAction\",\"target\":\"https:\/\/ra-wurnig.at\/?s={search_term_string}\",\"query-input\":\"required name=search_term_string\"}],\"inLanguage\":\"de\"},{\"@type\":\"ImageObject\",\"@id\":\"https:\/\/ra-wurnig.at\/index.php\/impressum\/#primaryimage\",\"inLanguage\":\"de\",\"url\":\"https:\/\/ra-wurnig.at\/wp-content\/uploads\/2021\/03\/ryoji-iwata-low-Q.jpg\",\"width\":1600,\"height\":1600},{\"@type\":\"WebPage\",\"@id\":\"https:\/\/ra-wurnig.at\/index.php\/impressum\/#webpage\",\"url\":\"https:\/\/ra-wurnig.at\/index.php\/impressum\/\",\"name\":\"Impressum - Rechtsanwalt Mag. Bernd Wurnig\",\"isPartOf\":{\"@id\":\"https:\/\/ra-wurnig.at\/#website\"},\"primaryImageOfPage\":{\"@id\":\"https:\/\/ra-wurnig.at\/index.php\/impressum\/#primaryimage\"},\"datePublished\":\"2021-03-09T16:47:40+00:00\",\"dateModified\":\"2021-03-15T13:08:21+00:00\",\"description\":\"Mag. Bernd Wurnig ist Rechtsanwalt f\\u00fcr Institutionen des privaten und \\u00f6ffentlichen Rechts, Ver\\u00adsicherungen, KMU sowie Privatpersonen.\",\"breadcrumb\":{\"@id\":\"https:\/\/ra-wurnig.at\/index.php\/impressum\/#breadcrumb\"},\"inLanguage\":\"de\",\"potentialAction\":[{\"@type\":\"ReadAction\",\"target\":[\"https:\/\/ra-wurnig.at\/index.php\/impressum\/\"]}]},{\"@type\":\"BreadcrumbList\",\"@id\":\"https:\/\/ra-wurnig.at\/index.php\/impressum\/#breadcrumb\",\"itemListElement\":[{\"@type\":\"ListItem\",\"position\":1,\"item\":{\"@type\":\"WebPage\",\"@id\":\"https:\/\/ra-wurnig.at\/\",\"url\":\"https:\/\/ra-wurnig.at\/\",\"name\":\"Startseite\"}},{\"@type\":\"ListItem\",\"position\":2,\"item\":{\"@type\":\"WebPage\",\"@id\":\"https:\/\/ra-wurnig.at\/index.php\/impressum\/\",\"url\":\"https:\/\/ra-wurnig.at\/index.php\/impressum\/\",\"name\":\"Impressum\"}}]}]}<\/script>\n<!-- \/ Yoast SEO plugin. -->","_links":{"self":[{"href":"https:\/\/ra-wurnig.at\/index.php\/wp-json\/wp\/v2\/pages\/3","targetHints":{"allow":["GET"]}}],"collection":[{"href":"https:\/\/ra-wurnig.at\/index.php\/wp-json\/wp\/v2\/pages"}],"about":[{"href":"https:\/\/ra-wurnig.at\/index.php\/wp-json\/wp\/v2\/types\/page"}],"author":[{"embeddable":true,"href":"https:\/\/ra-wurnig.at\/index.php\/wp-json\/wp\/v2\/users\/1"}],"replies":[{"embeddable":true,"href":"https:\/\/ra-wurnig.at\/index.php\/wp-json\/wp\/v2\/comments?post=3"}],"version-history":[{"count":48,"href":"https:\/\/ra-wurnig.at\/index.php\/wp-json\/wp\/v2\/pages\/3\/revisions"}],"predecessor-version":[{"id":389,"href":"https:\/\/ra-wurnig.at\/index.php\/wp-json\/wp\/v2\/pages\/3\/revisions\/389"}],"wp:featuredmedia":[{"embeddable":true,"href":"https:\/\/ra-wurnig.at\/index.php\/wp-json\/wp\/v2\/media\/102"}],"wp:attachment":[{"href":"https:\/\/ra-wurnig.at\/index.php\/wp-json\/wp\/v2\/media?parent=3"}],"curies":[{"name":"wp","href":"https:\/\/api.w.org\/{rel}","templated":true}]}}